[INFO] cloning repository https://github.com/jashank/hyttpd-rust
[INFO] running `Command { std: "git" "-c" "credential.helper=" "-c" "credential.helper=/workspace/cargo-home/bin/git-credential-null" "clone" "--bare" "https://github.com/jashank/hyttpd-rust" "/workspace/cache/git-repos/https%3A%2F%2Fgithub.com%2Fjashank%2Fhyttpd-rust", kill_on_drop: false }`
[INFO] [stderr] Cloning into bare repository '/workspace/cache/git-repos/https%3A%2F%2Fgithub.com%2Fjashank%2Fhyttpd-rust'...
[INFO] running `Command { std: "git" "rev-parse" "HEAD", kill_on_drop: false }`
[INFO] [stdout] 91d58941b1c9fff3f07c08c775feeb390408b8f7
[INFO] checking jashank/hyttpd-rust against master#af3c6e733a40e671550e0f0f5aeecaa13772ba56 for pr-74989
[INFO] running `Command { std: "git" "clone" "/workspace/cache/git-repos/https%3A%2F%2Fgithub.com%2Fjashank%2Fhyttpd-rust" "/workspace/builds/worker-6/source", kill_on_drop: false }`
[INFO] [stderr] Cloning into '/workspace/builds/worker-6/source'...
[INFO] [stderr] done.
[INFO] validating manifest of git repo https://github.com/jashank/hyttpd-rust on toolchain af3c6e733a40e671550e0f0f5aeecaa13772ba56
[INFO] running `Command { std: "/workspace/cargo-home/bin/cargo" "+af3c6e733a40e671550e0f0f5aeecaa13772ba56" "read-manifest" "--manifest-path" "Cargo.toml", kill_on_drop: false }`
[INFO] started tweaking git repo https://github.com/jashank/hyttpd-rust
[INFO] finished tweaking git repo https://github.com/jashank/hyttpd-rust
[INFO] tweaked toml for git repo https://github.com/jashank/hyttpd-rust written to /workspace/builds/worker-6/source/Cargo.toml
[INFO] crate git repo https://github.com/jashank/hyttpd-rust already has a lockfile, it will not be regenerated
[INFO] running `Command { std: "/workspace/cargo-home/bin/cargo" "+af3c6e733a40e671550e0f0f5aeecaa13772ba56" "fetch" "--locked" "--manifest-path" "Cargo.toml", kill_on_drop: false }`
[INFO] [stderr] error: the lock file /workspace/builds/worker-6/source/Cargo.lock needs to be updated but --locked was passed to prevent this
[INFO] [stderr] If you want to try to generate the lock file without accessing the network, use the --offline flag.
[INFO] the lockfile is outdated, regenerating it
[INFO] running `Command { std: "/workspace/cargo-home/bin/cargo" "+af3c6e733a40e671550e0f0f5aeecaa13772ba56" "generate-lockfile" "--manifest-path" "Cargo.toml" "-Zno-index-update", kill_on_drop: false }`
[INFO] running `Command { std: "/workspace/cargo-home/bin/cargo" "+af3c6e733a40e671550e0f0f5aeecaa13772ba56" "fetch" "--locked" "--manifest-path" "Cargo.toml", kill_on_drop: false }`
[INFO] running `Command { std: "docker" "create" "-v" "/var/lib/crater-agent-workspace/builds/worker-6/target:/opt/rustwide/target:rw,Z" "-v" "/var/lib/crater-agent-workspace/builds/worker-6/source:/opt/rustwide/workdir:ro,Z" "-v" "/var/lib/crater-agent-workspace/cargo-home:/opt/rustwide/cargo-home:ro,Z" "-v" "/var/lib/crater-agent-workspace/rustup-home:/opt/rustwide/rustup-home:ro,Z" "-e" "SOURCE_DIR=/opt/rustwide/workdir" "-e" "CARGO_TARGET_DIR=/opt/rustwide/target" "-e" "CARGO_HOME=/opt/rustwide/cargo-home" "-e" "RUSTUP_HOME=/opt/rustwide/rustup-home" "-w" "/opt/rustwide/workdir" "-m" "1610612736" "--user" "0:0" "--network" "none" "rustops/crates-build-env@sha256:d92eaeed33fa75130ca1ee6c8a01d1ffb62bac859dfdfb3450e3e5d1c0146529" "/opt/rustwide/cargo-home/bin/cargo" "+af3c6e733a40e671550e0f0f5aeecaa13772ba56" "metadata" "--no-deps" "--format-version=1", kill_on_drop: false }`
[INFO] [stderr] WARNING: Your kernel does not support swap limit capabilities or the cgroup is not mounted. Memory limited without swap.
[INFO] [stdout] 98489f3a03eaae3e307d004ebcf7dc55ddd19da8081f29184d6f7a8e9d9fa47c
[INFO] running `Command { std: "docker" "start" "-a" "98489f3a03eaae3e307d004ebcf7dc55ddd19da8081f29184d6f7a8e9d9fa47c", kill_on_drop: false }`
[INFO] running `Command { std: "docker" "inspect" "98489f3a03eaae3e307d004ebcf7dc55ddd19da8081f29184d6f7a8e9d9fa47c", kill_on_drop: false }`
[INFO] running `Command { std: "docker" "rm" "-f" "98489f3a03eaae3e307d004ebcf7dc55ddd19da8081f29184d6f7a8e9d9fa47c", kill_on_drop: false }`
[INFO] [stdout] 98489f3a03eaae3e307d004ebcf7dc55ddd19da8081f29184d6f7a8e9d9fa47c
[INFO] running `Command { std: "docker" "create" "-v" "/var/lib/crater-agent-workspace/builds/worker-6/target:/opt/rustwide/target:rw,Z" "-v" "/var/lib/crater-agent-workspace/builds/worker-6/source:/opt/rustwide/workdir:ro,Z" "-v" "/var/lib/crater-agent-workspace/cargo-home:/opt/rustwide/cargo-home:ro,Z" "-v" "/var/lib/crater-agent-workspace/rustup-home:/opt/rustwide/rustup-home:ro,Z" "-e" "SOURCE_DIR=/opt/rustwide/workdir" "-e" "CARGO_TARGET_DIR=/opt/rustwide/target" "-e" "CARGO_INCREMENTAL=0" "-e" "RUST_BACKTRACE=full" "-e" "RUSTFLAGS=--cap-lints=forbid" "-e" "CARGO_HOME=/opt/rustwide/cargo-home" "-e" "RUSTUP_HOME=/opt/rustwide/rustup-home" "-w" "/opt/rustwide/workdir" "-m" "1610612736" "--user" "0:0" "--network" "none" "rustops/crates-build-env@sha256:d92eaeed33fa75130ca1ee6c8a01d1ffb62bac859dfdfb3450e3e5d1c0146529" "/opt/rustwide/cargo-home/bin/cargo" "+af3c6e733a40e671550e0f0f5aeecaa13772ba56" "check" "--frozen" "--all" "--all-targets" "--message-format=json", kill_on_drop: false }`
[INFO] [stdout] 843af403ba1694ce377fef1cf9f81be13ecc215531513b7879c894e556b1b973
[INFO] [stderr] WARNING: Your kernel does not support swap limit capabilities or the cgroup is not mounted. Memory limited without swap.
[INFO] running `Command { std: "docker" "start" "-a" "843af403ba1694ce377fef1cf9f81be13ecc215531513b7879c894e556b1b973", kill_on_drop: false }`
[INFO] [stderr]    Compiling autocfg v1.0.1
[INFO] [stderr]    Compiling proc-macro2 v1.0.21
[INFO] [stderr]    Compiling log v0.4.11
[INFO] [stderr]    Compiling syn v1.0.41
[INFO] [stderr]    Compiling memchr v2.3.3
[INFO] [stderr]     Checking bytes v0.5.6
[INFO] [stderr]     Checking lazy_static v1.4.0
[INFO] [stderr]     Checking fnv v1.0.7
[INFO] [stderr]     Checking itoa v0.4.6
[INFO] [stderr]     Checking hashbrown v0.9.0
[INFO] [stderr]     Checking pin-utils v0.1.0
[INFO] [stderr]     Checking try-lock v0.2.3
[INFO] [stderr]     Checking tower-service v0.3.0
[INFO] [stderr]     Checking net2 v0.2.35
[INFO] [stderr]     Checking iovec v0.1.4
[INFO] [stderr]     Checking time v0.1.44
[INFO] [stderr]     Checking socket2 v0.3.15
[INFO] [stderr]     Checking tracing-core v0.1.16
[INFO] [stderr]     Checking http v0.2.1
[INFO] [stderr]    Compiling num-traits v0.2.12
[INFO] [stderr]    Compiling indexmap v1.6.0
[INFO] [stderr]    Compiling num-integer v0.1.43
[INFO] [stderr]     Checking mio v0.6.22
[INFO] [stderr]     Checking tracing v0.1.19
[INFO] [stderr]     Checking want v0.3.0
[INFO] [stderr]    Compiling quote v1.0.7
[INFO] [stderr]     Checking tokio v0.2.22
[INFO] [stderr]     Checking http-body v0.3.1
[INFO] [stderr]     Checking chrono v0.4.15
[INFO] [stderr]     Checking tokio-util v0.3.1
[INFO] [stderr]    Compiling pin-project-internal v0.4.23
[INFO] [stderr]     Checking pin-project v0.4.23
[INFO] [stderr]     Checking futures-util v0.3.5
[INFO] [stderr]     Checking h2 v0.2.6
[INFO] [stderr]     Checking hyper v0.13.7
[INFO] [stderr]     Checking hyttpd v0.1.0 (/opt/rustwide/workdir)
[INFO] [stdout] error[E0432]: unresolved import `std::fs::PathExt`
[INFO] [stdout]  --> src/main.rs:7:21
[INFO] [stdout]   |
[INFO] [stdout] 7 | use std::fs::{self, PathExt};
[INFO] [stdout]   |                     ^^^^^^^ no `PathExt` in `fs`
[INFO] [stdout] 
[INFO] [stdout] 
[INFO] [stdout] error[E0432]: unresolved imports `hyper::uri`, `hyper::status`
[INFO] [stdout]   --> src/main.rs:10:21
[INFO] [stdout]    |
[INFO] [stdout] 10 | use hyper::{header, uri, status};
[INFO] [stdout]    |                     ^^^  ^^^^^^ no `status` in the root
[INFO] [stdout]    |                     |
[INFO] [stdout]    |                     no `uri` in the root
[INFO] [stdout]    |                     help: a similar name exists in the module (notice the capitalization): `Uri`
[INFO] [stdout] 
[INFO] [stdout] 
[INFO] [stdout] error[E0432]: unresolved imports `hyper::server::Request`, `hyper::server::Response`
[INFO] [stdout]   --> src/main.rs:11:29
[INFO] [stdout]    |
[INFO] [stdout] 11 | use hyper::server::{Server, Request, Response};
[INFO] [stdout]    |                             ^^^^^^^  ^^^^^^^^ no `Response` in `server`
[INFO] [stdout]    |                             |
[INFO] [stdout]    |                             no `Request` in `server`
[INFO] [stdout] 
[INFO] [stdout] 
[INFO] [stdout] error[E0432]: unresolved import `hyper::net`
[INFO] [stdout]   --> src/main.rs:12:12
[INFO] [stdout]    |
[INFO] [stdout] 12 | use hyper::net::HttpListener;
[INFO] [stdout]    |            ^^^ could not find `net` in `hyper`
[INFO] [stdout] 
[INFO] [stdout] 
[INFO] [stdout] error[E0425]: cannot find function, tuple struct or tuple variant `Server` in module `header`
[INFO] [stdout]    --> src/main.rs:103:35
[INFO] [stdout]     |
[INFO] [stdout] 103 |     res.headers_mut().set(header::Server(SERVER_VERSION.to_string()));
[INFO] [stdout]     |                                   ^^^^^^ not found in `header`
[INFO] [stdout]     |
[INFO] [stdout] help: consider importing this unit variant
[INFO] [stdout]     |
[INFO] [stdout] 7   | use header::name::StandardHeader::Server;
[INFO] [stdout]     |
[INFO] [stdout] 
[INFO] [stdout] 
[INFO] [stdout] error[E0432]: unresolved import `std::fs::PathExt`
[INFO] [stdout]  --> src/main.rs:7:21
[INFO] [stdout]   |
[INFO] [stdout] 7 | use std::fs::{self, PathExt};
[INFO] [stdout]   |                     ^^^^^^^ no `PathExt` in `fs`
[INFO] [stdout] 
[INFO] [stdout] 
[INFO] [stdout] error[E0432]: unresolved imports `hyper::uri`, `hyper::status`
[INFO] [stdout]   --> src/main.rs:10:21
[INFO] [stdout]    |
[INFO] [stdout] 10 | use hyper::{header, uri, status};
[INFO] [stdout]    |                     ^^^  ^^^^^^ no `status` in the root
[INFO] [stdout]    |                     |
[INFO] [stdout]    |                     no `uri` in the root
[INFO] [stdout]    |                     help: a similar name exists in the module (notice the capitalization): `Uri`
[INFO] [stdout] 
[INFO] [stdout] 
[INFO] [stdout] error[E0432]: unresolved imports `hyper::server::Request`, `hyper::server::Response`
[INFO] [stdout]   --> src/main.rs:11:29
[INFO] [stdout]    |
[INFO] [stdout] 11 | use hyper::server::{Server, Request, Response};
[INFO] [stdout]    |                             ^^^^^^^  ^^^^^^^^ no `Response` in `server`
[INFO] [stdout]    |                             |
[INFO] [stdout]    |                             no `Request` in `server`
[INFO] [stdout] 
[INFO] [stdout] 
[INFO] [stdout] error[E0432]: unresolved import `hyper::net`
[INFO] [stdout]   --> src/main.rs:12:12
[INFO] [stdout]    |
[INFO] [stdout] 12 | use hyper::net::HttpListener;
[INFO] [stdout]    |            ^^^ could not find `net` in `hyper`
[INFO] [stdout] 
[INFO] [stdout] 
[INFO] [stdout] error[E0425]: cannot find function, tuple struct or tuple variant `Server` in module `header`
[INFO] [stdout]    --> src/main.rs:103:35
[INFO] [stdout]     |
[INFO] [stdout] 103 |     res.headers_mut().set(header::Server(SERVER_VERSION.to_string()));
[INFO] [stdout]     |                                   ^^^^^^ not found in `header`
[INFO] [stdout]     |
[INFO] [stdout] help: consider importing this unit variant
[INFO] [stdout]     |
[INFO] [stdout] 7   | use header::name::StandardHeader::Server;
[INFO] [stdout]     |
[INFO] [stdout] 
[INFO] [stdout] 
[INFO] [stdout] error[E0107]: wrong number of type arguments: expected at least 2, found 1
[INFO] [stdout]    --> src/main.rs:161:14
[INFO] [stdout]     |
[INFO] [stdout] 161 |     let svr: Server<HttpListener> = match Server::http((HOST, PORT as u16)) {
[INFO] [stdout]     |              ^^^^^^^^^^^^^^^^^^^^ expected at least 2 type arguments
[INFO] [stdout] 
[INFO] [stdout] 
[INFO] [stdout] error[E0107]: wrong number of type arguments: expected at least 2, found 1
[INFO] [stdout]    --> src/main.rs:161:14
[INFO] [stdout]     |
[INFO] [stdout] 161 |     let svr: Server<HttpListener> = match Server::http((HOST, PORT as u16)) {
[INFO] [stdout]     |              ^^^^^^^^^^^^^^^^^^^^ expected at least 2 type arguments
[INFO] [stdout] 
[INFO] [stdout] 
[INFO] [stdout] error[E0599]: no function or associated item named `http` found for struct `Server<_, _, _>` in the current scope
[INFO] [stdout]    --> src/main.rs:161:51
[INFO] [stdout]     |
[INFO] [stdout] 161 |     let svr: Server<HttpListener> = match Server::http((HOST, PORT as u16)) {
[INFO] [stdout]     |                                                   ^^^^ function or associated item not found in `Server<_, _, _>`
[INFO] [stdout] 
[INFO] [stdout] 
[INFO] [stdout] warning: unused import: `Write`
[INFO] [stdout]  --> src/main.rs:8:30
[INFO] [stdout]   |
[INFO] [stdout] 8 | use std::io::{self, BufRead, Write};
[INFO] [stdout]   |                              ^^^^^
[INFO] [stdout]   |
[INFO] [stdout]   = note: `#[warn(unused_imports)]` on by default
[INFO] [stdout] 
[INFO] [stdout] 
[INFO] [stdout] error: aborting due to 7 previous errors; 1 warning emitted
[INFO] [stdout] 
[INFO] [stdout] 
[INFO] [stdout] Some errors have detailed explanations: E0107, E0425, E0432, E0599.
[INFO] [stdout] 
[INFO] [stdout] For more information about an error, try `rustc --explain E0107`.
[INFO] [stdout] 
[INFO] [stderr] error: could not compile `hyttpd`.
[INFO] [stderr] 
[INFO] [stderr] To learn more, run the command again with --verbose.
[INFO] [stderr] warning: build failed, waiting for other jobs to finish...
[INFO] [stdout] error[E0599]: no function or associated item named `http` found for struct `Server<_, _, _>` in the current scope
[INFO] [stdout]    --> src/main.rs:161:51
[INFO] [stdout]     |
[INFO] [stdout] 161 |     let svr: Server<HttpListener> = match Server::http((HOST, PORT as u16)) {
[INFO] [stdout]     |                                                   ^^^^ function or associated item not found in `Server<_, _, _>`
[INFO] [stdout] 
[INFO] [stdout] 
[INFO] [stdout] warning: unused import: `Write`
[INFO] [stdout]  --> src/main.rs:8:30
[INFO] [stdout]   |
[INFO] [stdout] 8 | use std::io::{self, BufRead, Write};
[INFO] [stdout]   |                              ^^^^^
[INFO] [stdout]   |
[INFO] [stdout]   = note: `#[warn(unused_imports)]` on by default
[INFO] [stdout] 
[INFO] [stdout] 
[INFO] [stdout] error: aborting due to 7 previous errors; 1 warning emitted
[INFO] [stdout] 
[INFO] [stdout] 
[INFO] [stdout] Some errors have detailed explanations: E0107, E0425, E0432, E0599.
[INFO] [stdout] 
[INFO] [stdout] For more information about an error, try `rustc --explain E0107`.
[INFO] [stdout] 
[INFO] [stderr] error: build failed
[INFO] running `Command { std: "docker" "inspect" "843af403ba1694ce377fef1cf9f81be13ecc215531513b7879c894e556b1b973", kill_on_drop: false }`
[INFO] running `Command { std: "docker" "rm" "-f" "843af403ba1694ce377fef1cf9f81be13ecc215531513b7879c894e556b1b973", kill_on_drop: false }`
[INFO] [stdout] 843af403ba1694ce377fef1cf9f81be13ecc215531513b7879c894e556b1b973
